5))/3)/((-4)/j)?
2, 3
Let z be 4*((-7)/(-14) - (-390)/8). Let a = 332 - z. What are the prime factors of a?
3, 5
Let s(p) = p**3 + 7*p**2 - 7*p + 3. Let n be s(-6). Let y be (4/12)/(3/n). Suppose -3*b + y + 3 = 0. List the prime factors of b.
2
Suppose -32 = 4*z - 12. Suppose 0 = -0*x + 4*x - 2*y + 266, 5*x + 327 = -3*y. What are the prime factors of z/(15/x) + 2?
2, 3
Let o(y) = 7*y - 3. Let c = -15 - -18. Let j be o(c). Let a = j + -8. List the prime factors of a.
2, 5
Let f = 4481 + -2549. What are the prime factors of f?
2, 3, 7, 23
What are the prime factors of 5*(2 + (-787)/(-5))?
797
Let u = 3633 + -2234. What are the prime factors of u?
1399
Let i = -57 + 217. Let b be -1 + i - (1 + -2). Suppose -4*s + b = 4*f, -83 = -2*s + f - 2*f. What are the prime factors of s?
43
Let m(l) = l**3 + 10*l**2 - 16*l - 16. Let d be m(-11). Let o = -38 + d. What are the prime factors of (o - (-44)/28)*14?
2, 3
Let j(a) be the second derivative of a**3/3 + 3*a**2/2 - a - 1. Let o be (4/3)/(2/6). List the prime factors of j(o).
11
Suppose 4579 = 22*z - 1735. What are the prime factors of z?
7, 41
Let v(j) = 3*j**2 + 72*j - 72. Let a(g) = -2*g**2 - 37*g + 36. Let d(q) = 5*a(q) + 3*v(q). List the prime factors of d(20).
2, 23
Suppose -37 = -n - 0. Suppose -p + 46 + n = 0. List the prime factors of p.
83
Let z = -506 - -1043. List the prime factors of z.
3, 179
Let i = -2804 - -4381. What are the prime factors of i?
19, 83
Let v(s) = -s**3 + 11*s**2 - 23*s + 23. What are the prime factors of v(-12)?
23, 157
Let j = 18 + -64. Let r = 38 + 41. Let t = j + r. What are the prime factors of t?
3, 11
Let j(l) = -l**2 + 12*l - 8. Let n be j(11). Let g(a) = -a**3 - 6*a**2 + 8. Let z be g(-6). Suppose n*m + m = z. List the prime factors of m.
2
Let v = 2992 + -2128. What are the prime factors of v?
2, 3
Let y(c) = -c**2 - 6*c + 10. Let t be y(-7). Suppose -3*p + 15 = -8*p, -720 = -t*k + 5*p. List the prime factors of k.
5, 47
Suppose -7 = 4*q + 21. Let v(z) = -z - 8. Let h be v(q). Let j(c) = 10*c**2 + 1. List the prime factors of j(h).
11
What are the prime factors of (-750400)/(-336)*(-3)/(-2)?
2, 5, 67
Let k(x) = x**2 + 7*x + 18. Let b be k(-13). Let p = b + -18. What are the prime factors of p?
2, 3, 13
Suppose 4*q = 16 - 36. Let t(l) = -3*l**3 - 6*l**2 + 5*l + 6. List the prime factors of t(q).
2, 103
Suppose -62*r + 65*r - 609 = 0. What are the prime factors of r?
7, 29
Let j = 19 - 34. Let c = j - -12. List the prime factors of (-6)/c + -1 + 16.
17
Suppose -5*x + 2945 = -g, 2*g + 2945 = 5*x - 0*x. Suppose 3*f - 65 = x. List the prime factors of f.
2, 109
Suppose 12*a - 7*a + 3065 = 5*l, 2*a = 0. List the prime factors of l.
613
Suppose -31*z - 792 + 27142 = 0. What are the prime factors of z?
2, 5, 17
Suppose 0 = -i - 7 - 23. Let r = 33 - i. What are the prime factors of r?
3, 7
Let y = 15 + 21. Let f = y - 31. What are the prime factors of f?
5
Let c(x) be the first derivative of x**2 - 9*x - 7 + 1/3*x**3. List the prime factors of c(-8).
3, 13
Suppose -18*t = -13487 - 12847. What are the prime factors of t?
7, 11, 19
Let g(d) = -5*d - 25. Let o(f) = f**2 + f - 13. Let y be o(0). List the prime factors of g(y).
2, 5
Let f(y) = -2*y**3 - 26*y**2 - 8*y + 4. Let x be f(-13). Let t be 303/(-5) + 6/(-15). Let h = x + t. What are the prime factors of h?
47
Let k(g) = -g**3 + 64*g**2 + 160*g + 31. What are the prime factors of k(66)?
1879
Let f(v) = v**2 - 7*v + 111. What are the prime factors of f(-19)?
5, 11
Let c(h) = 60*h + 58. What are the prime factors of c(3)?
2, 7, 17
Suppose 4*b - 3*m = -4, -m = -3*b + 9 - 7. Let u(v) = -v + 39. Let a be u(0). Suppose 3*i = 4*i - 2*r - a, -98 = -b*i - r. What are the prime factors of i?
47
Suppose 5 = 16*t - 91. What are the prime factors of t?
2, 3
Suppose 13*a - 5*a = 32. Suppose -594 = -a*m + 530. What are the prime factors of m?
281
Suppose 2*b = -3*j - 325, 2*j + 28 - 201 = b. Let g = 381 + b. What are the prime factors of g?
2, 107
Suppose 0 = -25*h + h + 9096. List the prime factors of h.
379
Suppose 0 = 4*r + 91*b - 89*b - 3986, -2*b - 4969 = -5*r. What are the prime factors of r?
5, 199
Let d(g) = -g**2 + 52*g - 122. What are the prime factors of d(20)?
2, 7, 37
Let i(y) = y**2 + 3*y + 7. Suppose -25 = -2*r + r. Suppose -3*v = 2*v + r. What are the prime factors of i(v)?
17
Suppose 5*q - 2 - 3 = 0. Let r be ((-5)/(-10) - 1)*4. List the prime factors of q - (-7 - 2/r).
7
Let d(g) = 190*g - 614. List the prime factors of d(18).
2, 23, 61
Let w(b) = -2*b - 16. Let o be w(-10). List the prime factors of (-6)/4*o/(-3) + 18.
2, 5
Let t be (-65)/10*(0 + 2). Let f(x) = -x**3 - 12*x**2 + 13*x + 2. Let d be f(t). Suppose 5*p + 49 = 3*w, 19 = d*w - p - 9. What are the prime factors of w?
13
List the prime factors of -1 + 409 - (40/4 + -13).
3, 137
Suppose 2*f + 140 = 6*f. Suppose -3*x = -25 - f. Let w = x + -8. List the prime factors of w.
2, 3
Let x(i) = -i**3 + 12*i**2 - 12*i + 5. List the prime factors of x(6).
149
Let x(d) = d**2 + 4*d + 3. Let n be x(-3). Suppose -4*r + 5*r - 120 = n. Suppose -2*b + r = 3*b. List the prime factors of b.
2, 3
Let i(a) = 6*a + 67. List the prime factors of i(12).
139
Suppose 2*w - 72 = 3*z, 3*z + 126 = 4*w + 6*z. Let j = w + 20. List the prime factors of j.
53
Let s(v) = 14*v**2 - 63. What are the prime factors of s(6)?
3, 7
Suppose 5*w - 14 = 11. Suppose 0 = 3*r + 364 - 28. List the prime factors of (-3)/((60/r)/w).
2, 7
Let t(z) = 2*z - 27. Let m be t(19). Suppose 15*u - 196 = m*u. List the prime factors of u.
7
Let j(t) = 6*t**2 + 2*t + 14. Let h be ((-160)/48)/(4/6). List the prime factors of j(h).
2, 7, 11
Suppose 4*z - 17*r - 9038 = -15*r, 2*z + 2*r - 4504 = 0. What are the prime factors of z?
37, 61
Let r = -4466 - -6800. What are the prime factors of r?
2, 3, 389
Let f = -128 + 264. List the prime factors of f.
2, 17
Suppose -20*s + 16*s + c + 14561 = 0, 2*s + 3*c = 7263. List the prime factors of s.
3, 1213
Let d(n) be the first derivative of n**3/3 - n**2 - 11*n - 3. Let s be d(-5). List the prime factors of (21/4)/(9/s).
2, 7
Suppose 12*t - 8*t = 0. Suppose -2*k + 2*z + 148 = 0, 4*z + 217 = 3*k - t*z. What are the prime factors of k?
79
Let c = 6137 + -4163. List the prime factors of c.
2, 3, 7, 47
Suppose 65 = -3*w + 62. What are the prime factors of (-1)/(-4 - (-59)/(-15)*w)?
3, 5
Suppose 0*u = -5*u. Suppose -256 = -4*v + 4*f, 2*v = -u*v - 3*f + 128. What are the prime factors of v?
2
Suppose 264 = 4*w - 4*k, 5*k = 11*w - 14*w + 230. List the prime factors of w.
2, 5, 7
Let f(x) = -x**3 - x**2 + x + 4. Let s be f(0). Let b be ((-8)/(-6))/s*9. Suppose b*y - 48 = -3*t, 0*t + t = 5*y - 14. List the prime factors of t.
11
Let t = -91 - -94. Suppose 11*n = t*n + 848. List the prime factors of n.
2, 53
What are the prime factors of (34/(-3))/(26/(-4212))?
2, 3, 17
Suppose 46*h = -3*u + 50*h + 4166, 2*h + 6962 = 5*u. List the prime factors of u.
2, 17, 41
Suppose 4525 + 4200 = 5*j. List the prime factors of j.
5, 349
What are the prime factors of (-1)/((0 - 1)/((-32907)/(-21)))?
1567
Let d(x) = 16*x**3 + 2*x**2 - 11*x**3 + x**2 - 2. What are the prime factors of d(3)?
2, 5
Let u = -892 + 1117. What are the prime factors of u?
3, 5
Let u = -704 - -762. Suppose 4*h + 36 + 8 = 0. Let g = h + u. List the prime factors of g.
47
Let i(y) = -133*y**2 - y - 1. Let u be i(-1). Let t be u/(-9) - 8/(-36). List the prime factors of (-6)/(-4)*190/t.
19
Suppose -26 - 4 = -s + 3*w, 2*s - 3*w - 45 = 0. Let i be 3/(-2)*(-328)/(-123). List the prime factors of (s - i) + -2 + 0.
17
Suppose -5*m - 4*j = -94, 0 = 4*m - 0*m - 5*j - 67. Suppose 4*t - m = 2. Suppose 19 = t*g - 111. What are the prime factors of g?
2, 13
Suppose -4*f + 4*a + 5579 = -a, -3*a = -5*f + 6990. What are the prime factors of f?
3, 467
Let u = -5 + 11. Let w = -6 + u. Suppose w = -h + r + 5, -2*r = -3*h + 7*h - 2. What are the prime factors of h?
2
Let l be (0 + (-4)/(-20))*105. Suppose -5 = -4*m + 75. List the prime factors of -5*l*(-8)/m.
2, 3, 7
Let s(x) = 3*x**2 + 9*x + 56. What are the prime factors of s(7)?
2, 7, 19
Let d be (8/5)/((-6)/15). List the prime factors of 2/1 + (64 - d).
2, 5, 7
Suppose 5*t + 1265 = 3*n - 0*t, 0 = -4*n - 3*t + 1677. What are the prime factors of n?
2, 3, 5, 7
Let k = 54 - 46. Suppose 2*j + 366